*q + 0*q + 4*w = 7, 3*q - 4*w - 17 = 0. Let z be (6*-1)/q - -2. What is the remainder when 28 is divided by 0 - (-10 - z/(-1))?
8
Suppose -28 = -4*f + 20. What is the remainder when f is divided by 5?
2
Let q be (1/1*6)/2. Let g = -59 + 62. Suppose 2*h = q + g. Calculate the remainder when h is divided by 1.
0
Let k(i) be the second derivative of 13*i**3/6 + i**2/2 - 2*i. Let p = 52 - 34. Calculate the remainder when k(4) is divided by p.
17
Let j = 33 + -17. Calculate the remainder when 46 is divided by j.
14
Let p(q) = q**2 + 5*q. Let x be p(-4). Suppose 3*k + 4 = 7. Let v = k - x. Calculate the remainder when 13 is divided by v.
3
Let b = -16 - -43. Calculate the remainder when 78 is divided by b.
24
Let m(u) = -u**3 - u**2 + 2*u - 2. Let p = 8 - 11. Calculate the remainder when 38 is divided by m(p).
8
Let y = -1 + 4. Calculate the remainder when 3 is divided by y.
0
Suppose 0 + 4 = -t. Let z be (-3)/12 + (-1)/t. Calculate the remainder when 22 is divided by (-8)/(z + (-3 - -2)).
6
Suppose -6 = 2*b - 5*m, -6*m + 16 = 4*b - 2*m. What is the remainder when b + -3 + (-3 - -19) is divided by 9?
6
Let s = 19 - 6. Let j = 7 - s. What is the remainder when 4/24 + (-137)/j is divided by 12?
11
Let z(h) = 6*h + h**2 - 5*h + 8*h + 11. What is the remainder when (6 - -3) + (-1 - -2) is divided by z(-8)?
1
Suppose -3*p = 3*j - j + 4, 2*p + j + 1 = 0. Suppose -5*o + s = -p*o - 13, 0 = -4*o - 2*s + 34. What is the remainder when 33 is divided by o?
3
Suppose 2*v - 6 = 30. Suppose -2*m + r + 43 = -v, -3*r - 15 = 0. Calculate the remainder when m is divided by 16.
12
Let v = 12 - 8. Suppose -27 - 25 = -v*w. Calculate the remainder when w is divided by 8.
5
Suppose 0 = -4*i + 8*i - 132. Calculate the remainder when i is divided by ((-85)/(-10))/(1/2).
16
Let o = -1 - -18. Suppose -3*s + 5*y = -188, 4*s - 262 = -4*y + 5*y. Calculate the remainder when s is divided by o.
15
Let u = -61 + 17. Let d = u + 63. Calculate the remainder when 55 is divided by d.
17
Let d = -11 + 64. Suppose 7*i - 42 = 4*i + 3*a, -a = 4*i - 56. What is the remainder when d is divided by i?
11
Let p = 9 + 10. Suppose 4*y = -5*r + 284, -3*r - y - 5 = -174. What is the remainder when r is divided by p?
18
Suppose 0 = -4*g + 248 + 12. Calculate the remainder when g is divided by 22.
21
Suppose -3*t - 5*v + 47 = 0, t - 10 = -2*v + 6. Let u be 1/5 - (-36)/20. Suppose -u*g + t + 2 = 0. Calculate the remainder when 23 is divided by g.
7
Let b(s) = -s**2 - 7*s + 10. Let f be b(-8). Suppose -3*i + 55 = f*i. Calculate the remainder when 19 is divided by i.
8
Let c = 59 - 49. Let u = 28 + 21. What is the remainder when u is divided by c?
9
Let f = -11 - -6. Let j(y) = 4*y - 9. Calculate the remainder when -5*(13/f - -1) is divided by j(3).
2
Let k(p) = -53*p**3 - p**2 - 2*p - 2. Calculate the remainder when k(-1) is divided by 20.
12
Let f(k) = 2*k - 25. What is the remainder when f(13) is divided by -2*-2*(-1)/(-4)?
0
Let d(l) be the first derivative of 9*l + 9/2*l**2 + 3 + 1/3*l**3. Calculate the remainder when d(-10) is divided by 7.
5
Let w(j) = j**3 + 12*j**2 + 13*j - 10. Let c be w(-10). Suppose 5*d + n = 6*n + c, -3*n = -5*d + 56. What is the remainder when 28 is divided by d?
8
Suppose 349 + 301 = -10*k. Let a(n) = -2*n**2 - 1. Let i be a(-4). Let f = i - k. Calculate the remainder when f is divided by 11.
10
Let d = -44 - -23. Let y = 47 + d. Suppose 2*m + 2*t = 0, 5*m - 2 = 2*t + y. Calculate the remainder when 6 is divided by m.
2
Suppose 61 = 3*g - 14. What is the remainder when g is divided by (4/2)/((-10)/(-35))?
4
Let c = 7 - -10. What is the remainder when 67 is divided by c?
16
Suppose 0 = -2*r + 102 + 18. What is the remainder when r is divided by 1 + 21 - (-1)/(-1)?
18
Let v(m) = m**3 + 8*m**2 - 9*m + 2. Let w be v(-9). Suppose -5*n - 8*f = -4*f - 30, w*n = 2*f + 30. What is the remainder when 19 is divided by n?
9
Let k(o) = o + 8. Suppose 3*i + 2*j + 2 = -11, -2*j + 2 = 0. Calculate the remainder when (6/(-9))/((-1)/6) is divided by k(i).
1
Let f(p) = -44*p**2 + 9*p + 13. Let r = 4 - 2. Let a(u) = 11*u**2 - 2*u - 3. Let g(q) = r*f(q) + 9*a(q). What is the remainder when g(1) is divided by 6?
4
Let z(l) = l**2 + 3*l - 17. Calculate the remainder when 21 is divided by z(4).
10
Let w(q) = -8*q - 9. Let b be w(-9). Suppose -b = 4*z - 5*z. Calculate the remainder when z is divided by 16.
15
Suppose -6*a - 105 = -9*a. Calculate the remainder when 64 is divided by a.
29
Let f = -15 + 36. Let c(q) = -q**3 - q**2 + 3*q - 4. Calculate the remainder when c(-5) is divided by f.
18
Let t = 70 - 35. Suppose 2*j - 18 = 6. What is the remainder when t is divided by j?
11
Let a = -21 + 80. Calculate the remainder when a is divided by 31.
28
Let g(v) = 2*v**3 - v**2 + 5*v - 5. What is the remainder when 31 is divided by g(2)?
14
Let a(n) = -4*n - 1. What is the remainder when a(-3) is divided by 5?
1
What is the remainder when 34 is divided by (28/(-8) - 0)*-2?
6
Suppose -6*f - 75 = -f. What is the remainder when (38/6)/((-5)/f) is divided by 10?
9
Suppose 4*r = 82 - 14. What is the remainder when ((-6)/(-9))/(4/198) is divided by r?
16
Suppose 3*p = -15, -q - 2*p + 5 = 4*q. Suppose -5*c = 4*o - 161, -q*c - c + 104 = -3*o. Suppose -c = -4*u + 47. What is the remainder when u is divided by 7?
5
Suppose 3*u + 16 = 7*u, u = 2*p - 232. Calculate the remainder when p is divided by 30.
28
Let v = 11 - 9. What is the remainder when 5 is divided by (v*-3)/(2 + -4)?
2
Suppose 74 = 6*h - 4*h. Calculate the remainder when h + ((-8)/(-4) - 1) is divided by 10.
8
Let x = -1 - -3. Suppose -13 - 7 = -x*f. Calculate the remainder when 19 is divided by f.
9
What is the remainder when 76 is divided by (-4)/((-20)/(-11))*(-5 + 0)?
10
Let h(u) = -u**3 - 4*u**2 + 1. Let a be h(-5). Suppose -v + 5 = -a. Let b(j) = j**3 - 7*j**2 + 16. Calculate the remainder when v is divided by b(7).
15
Suppose 2*d - 88 = -0*d. Let y = 11 - -23. Let f = -19 + y. Calculate the remainder when d is divided by f.
14
Suppose 25 + 43 = 2*s. Calculate the remainder when s is divided by (0 + (-2 - -1))*-18.
16
Let n = 44 + -23. Calculate the remainder when 81 is divided by n.
18
Let f(w) = -11*w - 2. Calculate the remainder when 25 is divided by f(-1).
7
Let z(u) = u**2 + u. Let i(c) = 3*c**2 + 10*c - 5. Let t(x) = -i(x) + 2*z(x). Calculate the remainder when 22 is divided by t(-7).
10
Let k(r) = -r**3 + r**2 + 38. Calculate the remainder when k(0) is divided by 10.
8
Let j = 13 - 22. What is the remainder when 25 is divided by (-2 - j)/(1 - 0)?
4
Let y(l) = 5*l**2 - 5*l + 2. What is the remainder when y(6) is divided by 17?
16
Let b be (-70)/(-21)*(-3)/(-2). Suppose -1 = -4*o - 5*f + 63, -b*o - 5*f = -85. Calculate the remainder when o is divided by 6.
3
Suppose 5*v = n - 64, -2*n + 4*n = -4*v + 170. Calculate the remainder when n is divided by 27.
25
Let a = -8 - -13. Suppose a*v - 25 + 0 = -k, v = 0. Calculate the remainder when k is divided by 13.
12
Let a = -41 - -59. Let v = a - 13. What is the remainder when 23 is divided by v?
3
Let f be 2/(((-2)/3)/1). Let d(p) = -20*p - 2. What is the remainder when d(f) is divided by 15?
13
Let i = 9 - 6. Suppose -g - r + 14 = 0, 8*g + r = i*g + 78. What is the remainder when g is divided by 9?
7
Let l(c) = -c - 1. Let p be l(-1). Suppose -4*r = -p*r - 360. Let s = r + -53. Calculate the remainder when s is divided by 13.
11
Suppose 1620 = 9*d + 11*d. What is the remainder when d is divided by 18?
9
Let y = 13 - -10. Let d = -2 + 8. What is the remainder when y is divided by d?
5
Let a(v) = v**3 - 10*v**2 - 12*v + 33. Calculate the remainder when 127 is divided by a(11).
17
Let v = -16 + 23. Suppose -28 = -3*g - v. Calculate the remainder when 19 is divided by g.
5
Suppose 0 = j + 1, -n = 5*j - 76 - 29. Suppose 0*a = -5*a + n. Suppose 0 = 3*l + 5*c, 4*l + 8 - a = -2*c. What is the remainder when 14 is divided by l?
4
Let j be ((-5)/15)/((-2)/12). Let a be (4/j + -116)/(-2). Suppose h = 3, 4*c + 4*h = -c + a. What is the remainder when c is divided by 5?
4
Let v(d) = -d**3 - 5*d**2 + 9*d. Suppose 5*n = 3*l + 121, -5*l + 2*l = -3*n + 69. Suppose -5*r = -19 - n. Calculate the remainder when v(-7) is divided by r.
8
Suppose 3*s - 3*g - 83 = -20, -3*s = 2*g - 88. Let k = s + -4. What is the re